-175. What are the prime factors of b?
3, 11
Suppose -4*r - f - 2*f + 219 = 0, 10 = 2*f. What are the prime factors of r?
3, 17
List the prime factors of (-51)/3*(0 - 1).
17
List the prime factors of 26 + 3 - -2 - 2.
29
Let t(v) = -v**2 + 4*v. Let u be t(3). Suppose u*o - 65 = -2*o + 2*f, 0 = -2*o - 5*f + 55. What are the prime factors of o?
3, 5
Let i(f) be the third derivative of f**4/24 + f**2. Suppose 20 = 3*m + 8. What are the prime factors of i(m)?
2
List the prime factors of (-7 - -5)/((-2)/150) + 3.
3, 17
Let b = 9 - 7. Let j(r) = 0 + 2*r - 3*r + 0*r + b + r**2. What are the prime factors of j(3)?
2
Let z(w) = 3*w**2 - 11*w + 1. What are the prime factors of z(8)?
3, 5, 7
Suppose 4*p + 4 = 3*p + 3*r, -3*p = r - 8. Suppose p*f + f - 9 = 0. Suppose -4*y = 2*g + f*g - 39, 2*y + 5*g = 17. List the prime factors of y.
11
Let t(r) = -3*r + 0*r + 2*r - 6. Let a be t(-4). List the prime factors of ((-3)/a)/(3/8).
2
Suppose -29*q = -25*q - 232. List the prime factors of q.
2, 29
Let i(l) = 81*l**2 - 8*l - 2. What are the prime factors of i(-2)?
2, 13
Let d = 5 + -5. Let k = 10 + d. Suppose 2*o - 4*q - 24 = 0, q + k = 2*o + 4*q. What are the prime factors of o?
2
Let b(f) = f**2 + 15*f + 24. What are the prime factors of b(-18)?
2, 3, 13
Let k = -5 - -8. Suppose -2*a = k - 7. Suppose -a*p + l + 8 = -p, 3*p + l = 20. List the prime factors of p.
7
Let k = -150 - -218. What are the prime factors of k?
2, 17
Suppose 220 = 4*r - t, 4*r - 3*t - 148 = 72. List the prime factors of r.
5, 11
Let v be (21 + -3)*(-2)/(-3). Let p = v - 9. List the prime factors of p.
3
Suppose -3*k = 2*k - 70. Let f be 8/(-28) + (-4)/(-14). Suppose f*n - 2*n = -k. List the prime factors of n.
7
Let l(z) = 21*z - 9. Let i(f) = -5*f + 2. Let a(c) = 18*i(c) + 4*l(c). Let s be (-10)/6 - 1/3. List the prime factors of a(s).
2, 3
What are the prime factors of (1 + 10)/((-7)/(-84))?
2, 3, 11
Suppose 0 = t + 2*t - 18. Let z be (-20)/8*t*1. Let x = z + 28. List the prime factors of x.
13
Let i = 41 + 6. What are the prime factors of i?
47
What are the prime factors of 243/5 - 24/(-60)?
7
Let v = 7 + 12. List the prime factors of v.
19
Let l(q) = q**3 + 7*q**2 + 7*q + 1. Let p be l(-6). Let g = p + 9. Suppose 19 = 3*x + r, -4 - 12 = -g*r. What are the prime factors of x?
5
Suppose 3*d = 2*f + 2*f + 27, 5*f + 30 = 3*d. Suppose -7 = -a - n, d*a - 6*n + 2*n - 80 = 0. Suppose -s + 3*s = a. What are the prime factors of s?
2, 3
Let r = 0 - -2. Suppose 0*v = r*v - 14. Let d = -4 + v. List the prime factors of d.
3
Let p be -5*(12/(-5) + 2). Suppose 3 = p*n - y - 11, 4*n - 14 = -5*y. Let x = 18 - n. What are the prime factors of x?
2, 3
Let c(d) = -2 + 0 - 2*d - 2. What are the prime factors of c(-5)?
2, 3
Suppose 0 = -p - 0*p + 18. Suppose -4*i = a - p, 5*a + 3 = 3*a + 5*i. What are the prime factors of a?
2, 3
Let z(f) = -5 - 2*f - 2 + 1 + 3. Let q be z(-7). List the prime factors of (2 - q/(-2))*2.
3, 5
Let l(m) = -m**3 - 5*m**2 + 4. Let b be l(-5). Suppose -y - 5*i = 4, 2*i - 5*i + b = -y. List the prime factors of ((-8)/(-6))/(y/(-54)).
2, 3
Suppose 4*h + 2*x + 24 = -2*x, 3*x = h + 6. Let n(m) = m**3 + 6*m**2 - 2*m + 1. What are the prime factors of n(h)?
13
Let w(l) = 27*l**3 - l**2. Let v be w(-1). Let j = 46 + v. What are the prime factors of j?
2, 3
Let c be (2 - -1) + 3 + 3. Let y be (-3)/c - 58/(-3). Suppose -3*v + y + 20 = 0. List the prime factors of v.
13
Suppose 49 + 11 = 4*a. What are the prime factors of a?
3, 5
Suppose 0 = -u + 3*l + 2, 3*u - l = -0*u + 6. Suppose 4*s + u*x = -x + 24, -4*s - 4*x + 28 = 0. List the prime factors of s.
3
Let v be (-2)/4*-2*0. Let q = 3 + v. Suppose u = z + 2*u - 3, -q*u = 4*z - 13. List the prime factors of z.
2
Let j(m) = m + 1. Let t be j(4). Suppose -t*o = -3*g - 185, -3*o - 5*g + 111 = o. What are the prime factors of o?
2, 17
Suppose 32 = -0*b - 4*b. Let m = b - -11. What are the prime factors of m?
3
Let u(c) = 2*c**2 + c - 2. Let j(n) = -7*n**2 - n + 1. Let v be j(1). Let w(a) = a + 9. Let f be w(v). List the prime factors of u(f).
2
Let l(i) = -i + 17. Let w be l(11). Let s(m) = -m**2 + 9*m - 7. List the prime factors of s(w).
11
Suppose -p - 4*b + 113 = 0, -5*p = -3*b - b - 685. What are the prime factors of p?
7, 19
Suppose i + 17 = -13. List the prime factors of (-48)/i - (-2)/5.
2
Let b(a) = 5*a - 1. Let x be b(-2). Let g(m) = -m + 1. List the prime factors of g(x).
2, 3
Suppose -2*x + 6*x + 4*c - 132 = 0, 0 = -x - 2*c + 37. List the prime factors of x.
29
Suppose -22 - 48 = 5*w. Suppose 4*u + 4*a + 112 = 0, -3*a - 134 = 4*u + u. Let k = w - u. List the prime factors of k.
11
Let q be -6 + 2 + (1 - -7). List the prime factors of 1347/33 - q/(-22).
41
Let q(j) = -280*j + 3. List the prime factors of q(-1).
283
Suppose 4*u = -3*f + 13, 3*u - u - 10 = 2*f. List the prime factors of u.
2
Let t = 299 - 66. What are the prime factors of t?
233
Suppose -q = -0*q + 2, -3*q + 123 = z. What are the prime factors of z?
3, 43
Let f = 9 - 4. What are the prime factors of 41/f - 3/15?
2
Let t(r) = -r**3 + 6*r**2 + 2*r - 4. List the prime factors of t(3).
29
Suppose 5*y - 1004 = 3*o, 9*o = -y + 4*o + 184. What are the prime factors of y?
199
Let p be 0/(-4 - (0 + -1)). Let z be (-16 + p/(-1))*1. Let m = z + 25. What are the prime factors of m?
3
Suppose 0 = 3*x - 74 - 184. List the prime factors of x.
2, 43
Suppose 5*j - 7 = -4*c, -5*j - 5*c = -1 - 9. What are the prime factors of (0 - j)/((-1)/(-21))?
3, 7
Let i = -73 - -108. Suppose -i = -3*b + r + 49, -4*b + 5*r = -101. List the prime factors of b.
29
Let o = -35 - -214. What are the prime factors of o?
179
Let v be (-9)/(27/(-42))*8/14. Suppose -2*b - o = -4*b + 78, 3*o + 34 = b. Suppose r - b = -3*w - 3*r, w - 4*r = -v. What are the prime factors of w?
2
Suppose -3*k + 120 = -3*d, 7*k - d - 208 = 2*k. What are the prime factors of k?
2, 3, 7
Let x = 154 + -61. What are the prime factors of x?
3, 31
List the prime factors of (57/2)/((-4)/(-8)).
3, 19
Let f(s) = 143*s**2 + 3*s + 1. List the prime factors of f(-1).
3, 47
Let b(z) = 6*z - 8. List the prime factors of b(6).
2, 7
Suppose -5 = 2*c + 3*c. Let r = c - -3. Suppose 5*x - r*u = 3*u + 50, -2*x + 36 = 2*u. List the prime factors of x.
2, 7
Let h = 5 + -5. Suppose -3*c = -2*o + 27, -4*c + h*o - 40 = -4*o. Let q = 1 - c. What are the prime factors of q?
2
Suppose -4*c - 3*t - 2*t = -83, 0 = -4*t - 4. List the prime factors of c.
2, 11
Suppose -4 - 16 = -4*t. Suppose 0 = -t*m + 3*m + 16. What are the prime factors of m?
2
Suppose 0 = 3*m - 4*i - 164, -4*i - 260 = -2*m - 3*m. Suppose -s = s - m. What are the prime factors of s?
2, 3
Suppose m + 16 = 4*i - 0*i, i = 2*m - 3. Suppose -2*b + 0*n + 18 = -i*n, -4*b - 5*n = -6. What are the prime factors of b?
2
Suppose -d + 2*u = 7, 2*d + 18 = 3*d + 3*u. Let b = d - 1. Suppose b*x - 35 = -3*x. List the prime factors of x.
7
Suppose 4 = 4*b + 3*m + 5, -b + 4*m - 24 = 0. Let j = b - -9. Let r = 0 + j. List the prime factors of r.
5
Let p be (-2)/(-6) + 47/3. Let g(x) = -x + 5. Let i be g(0). Suppose -p = -i*r + r. What are the prime factors of r?
2
Let x be ((-5)/15)/(1/(-3)). Suppose 11 + x = 4*g. Suppose 4*b = g*b + 9. List the prime factors of b.
3
Let t = -224 - -409. List the prime factors of t.
5, 37
Suppose 5*r - r = -4*k, r = -2*k + 4. Suppose -2*q + q + k*p = -5, 0 = 3*q + p - 15. What are the prime factors of q?
5
Let i = -102 - -239. Suppose 5*n - 2*y - y - i = 0, 2*n - 3*y = 53. What are the prime factors of n?
2, 7
Let l be (3 + (-3)/2)*2. Suppose r + 4*r = -l*w - 12, -5*r + 20 = -5*w. Suppose -2*n + 0*n + 32 = r. What are the prime factors of n?
2
Let v(s) = -s**2 + 5*s + 3. Let l be v(5). Suppose 3*z - l*o + 3 = 30, -3*o = 5*z - 5. What are the prime factors of z?
2
List the prime factors of (1*(-5)/10)/(2/(-284)).
71
Let d(r) = -2*r - 2. Let c be d(-3). Let j(k) = -k**3 + 2*k. Let m be j(-2). List the prime factors of (-2)/((c/(-5))/m).
2, 5
Let l(m) = m**2 + 2*m + 20. List the prime factors of l(-14).
2, 47
Suppose t - 10 = -4*a - 0, -5*t + 28 = -2*a. Let h be (12 - 2)/((-2)/(-2)). Suppose -t*w + h = -5*w. What are the prime factors of w?
2, 5
Let h(w) = -6*w - 1. Let o = -6 - -4. List the prime factors of h(o).
11
Suppose -4*x = 3*l - 628, -l = -3*l + 2*x + 442. What are the